{"id":153,"date":"2026-01-31T18:23:45","date_gmt":"2026-01-31T18:23:45","guid":{"rendered":"https:\/\/www.epilog-consulting.com\/?page_id=153"},"modified":"2026-02-08T13:54:03","modified_gmt":"2026-02-08T13:54:03","slug":"nous-rejoindre","status":"publish","type":"page","link":"https:\/\/www.epilog-consulting.com\/index.php\/nous-rejoindre\/","title":{"rendered":"Rejoindre le r\u00e9seau Epilog"},"content":{"rendered":"\n<figure class=\"wp-block-image aligncenter size-full is-resized round15\"><img loading=\"lazy\" decoding=\"async\" width=\"1165\" height=\"776\" src=\"https:\/\/www.epilog-consulting.com\/wp-content\/uploads\/2026\/01\/entrepreneurs-analyzing-1.jpg\" alt=\"\" class=\"wp-image-209\" style=\"aspect-ratio:1.50132137660718;width:964px;height:auto\" srcset=\"https:\/\/www.epilog-consulting.com\/wp-content\/uploads\/2026\/01\/entrepreneurs-analyzing-1.jpg 1165w, https:\/\/www.epilog-consulting.com\/wp-content\/uploads\/2026\/01\/entrepreneurs-analyzing-1-300x200.jpg 300w, https:\/\/www.epilog-consulting.com\/wp-content\/uploads\/2026\/01\/entrepreneurs-analyzing-1-1024x682.jpg 1024w, https:\/\/www.epilog-consulting.com\/wp-content\/uploads\/2026\/01\/entrepreneurs-analyzing-1-768x512.jpg 768w, https:\/\/www.epilog-consulting.com\/wp-content\/uploads\/2026\/01\/entrepreneurs-analyzing-1-600x400.jpg 600w\" sizes=\"auto, (max-width: 1165px) 100vw, 1165px\" \/><\/figure>\n\n\n\n<p><\/p>\n\n\n\n<p class=\"has-superbfont-medium-font-size\">Epilog Consulting rassemble des consultants ind\u00e9pendants hautement qualifi\u00e9s pour accompagner nos clients dans leurs projets IT les plus exigeants.<\/p>\n\n\n\n<p class=\"has-superbfont-medium-font-size\"><br>Si vous \u00eates freelance, disposant d\u2019une solide expertise en d\u00e9veloppement logiciel, Business Intelligence (BI) ou Data Science, nous serons ravis d\u2019\u00e9tudier votre profil.<\/p>\n\n\n\n<p class=\"has-superbfont-medium-font-size\"><br>Envoyez votre CV \u00e0 <a href=\"mailto:contact@epilog-consulting.com\">contact@epilog-consulting.com<\/a> et devenez membre d\u2019un r\u00e9seau qui valorise l\u2019expertise et l\u2019excellence.<\/p>\n\n\n\n<p class=\"has-superbfont-medium-font-size\"><\/p>\n\n\n\n<p><\/p>\n","protected":false},"excerpt":{"rendered":"<p>Epilog Consulting rassemble des consultants ind\u00e9pendants hautement qualifi\u00e9s pour accompagner nos clients dans leurs projets IT les plus exigeants. Si vous \u00eates freelance, disposant d\u2019une solide expertise en d\u00e9veloppement logiciel, Business Intelligence (BI) ou Data Science, nous serons ravis d\u2019\u00e9tudier votre profil. Envoyez votre CV \u00e0 contact@epilog-consulting.com et devenez membre d\u2019un r\u00e9seau qui valorise l\u2019expertise [&hellip;]<\/p>\n","protected":false},"author":1,"featured_media":0,"parent":0,"menu_order":0,"comment_status":"closed","ping_status":"closed","template":"","meta":{"om_disable_all_campaigns":false,"_monsterinsights_skip_tracking":false,"_monsterinsights_sitenote_active":false,"_monsterinsights_sitenote_note":"","_monsterinsights_sitenote_category":0,"footnotes":""},"class_list":["post-153","page","type-page","status-publish","hentry"],"aioseo_notices":[],"featured_image_src":null,"featured_image_src_square":null,"_links":{"self":[{"href":"https:\/\/www.epilog-consulting.com\/index.php\/wp-json\/wp\/v2\/pages\/153","targetHints":{"allow":["GET"]}}],"collection":[{"href":"https:\/\/www.epilog-consulting.com\/index.php\/wp-json\/wp\/v2\/pages"}],"about":[{"href":"https:\/\/www.epilog-consulting.com\/index.php\/wp-json\/wp\/v2\/types\/page"}],"author":[{"embeddable":true,"href":"https:\/\/www.epilog-consulting.com\/index.php\/wp-json\/wp\/v2\/users\/1"}],"replies":[{"embeddable":true,"href":"https:\/\/www.epilog-consulting.com\/index.php\/wp-json\/wp\/v2\/comments?post=153"}],"version-history":[{"count":10,"href":"https:\/\/www.epilog-consulting.com\/index.php\/wp-json\/wp\/v2\/pages\/153\/revisions"}],"predecessor-version":[{"id":243,"href":"https:\/\/www.epilog-consulting.com\/index.php\/wp-json\/wp\/v2\/pages\/153\/revisions\/243"}],"wp:attachment":[{"href":"https:\/\/www.epilog-consulting.com\/index.php\/wp-json\/wp\/v2\/media?parent=153"}],"curies":[{"name":"wp","href":"https:\/\/api.w.org\/{rel}","templated":true}]}}